der when 697867857 is divided by 2274?
2271
Calculate the remainder when 225352 is divided by 885.
562
Calculate the remainder when 49560 is divided by 23370.
2820
What is the remainder when 581092 is divided by 235?
172
Calculate the remainder when 26960152 is divided by 178544.
8
Calculate the remainder when 15434 is divided by 350.
34
Calculate the remainder when 154406438 is divided by 31.
26
What is the remainder when 104824790 is divided by 89?
56
What is the remainder when 96335 is divided by 19262?
25
What is the remainder when 84057 is divided by 42006?
45
What is the remainder when 458841 is divided by 472?
57
What is the remainder when 47125 is divided by 1147?
98
Calculate the remainder when 4283923 is divided by 648.
643
Calculate the remainder when 43654 is divided by 2123.
1194
Calculate the remainder when 157453 is divided by 5426.
99
Calculate the remainder when 341631 is divided by 329.
129
Calculate the remainder when 2909544 is divided by 278.
274
What is the remainder when 6059775 is divided by 108210?
15
What is the remainder when 154629 is divided by 491?
455
Calculate the remainder when 290226 is divided by 24184.
18
What is the remainder when 242957 is divided by 48477?
572
Calculate the remainder when 8296991 is divided by 58.
33
Calculate the remainder when 1316381 is divided by 17.
3
What is the remainder when 4955609 is divided by 99?
65
Calculate the remainder when 1490197 is divided by 2655.
742
Calculate the remainder when 71185 is divided by 880.
785
Calculate the remainder when 25849 is divided by 3480.
1489
What is the remainder when 3566651 is divided by 1544?
11
Calculate the remainder when 374872 is divided by 354.
340
Calculate the remainder when 501649 is divided by 38587.
18
What is the remainder when 69731325 is divided by 23243773?
6
What is the remainder when 12050474 is divided by 2410094?
4
What is the remainder when 1284077 is divided by 189?
11
Calculate the remainder when 33146816 is divided by 1627.
1572
Calculate the remainder when 157324 is divided by 735.
34
What is the remainder when 36896987 is divided by 265?
242
Calculate the remainder when 10360148 is divided by 3708.
3704
Calculate the remainder when 34049839 is divided by 74.
71
Calculate the remainder when 483624 is divided by 28448.
8
Calculate the remainder when 30595979 is divided by 19.
13
Calculate the remainder when 544319 is divided by 68031.
71
Calculate the remainder when 349081676 is divided by 1776.
1772
What is the remainder when 2289719 is divided by 7292?
31
What is the remainder when 34283 is divided by 895?
273
Calculate the remainder when 2928147 is divided by 4390.
17
What is the remainder when 1374656 is divided by 1423?
38
Calculate the remainder when 61676162 is divided by 305.
282
Calculate the remainder when 868892 is divided by 312.
284
Calculate the remainder when 1461197 is divided by 730453.
291
Calculate the remainder when 41519 is divided by 682.
599
What is the remainder when 63677 is divided by 2546?
27
What is the remainder when 102965957 is divided by 112?
101
Calculate the remainder when 406874 is divided by 9923.
31
What is the remainder when 57246 is divided by 2130?
1866
Calculate the remainder when 7462 is divided by 902.
246
Calculate the remainder when 404078 is divided by 58.
50
What is the remainder when 3614512 is divided by 1204768?
208
Calculate the remainder when 20726 is divided by 4008.
686
What is the remainder when 37494761 is divided by 3465?
3461
What is the remainder when 104789 is divided by 1269?
731
What is the remainder when 14267 is divided by 7566?
6701
Calculate the remainder when 20976915 is divided by 346.
319
Calculate the remainder when 8282552 is divided by 225.
77
What is the remainder when 258838 is divided by 522?
448
Calculate the remainder when 2604196 is divided by 898.
894
Calculate the remainder when 203470083 is divided by 6.
3
What is the remainder when 83990 is divided by 1149?
113
Calculate the remainder when 30559 is divided by 7014.
2503
What is the remainder when 2835764 is divided by 945235?
59
What is the remainder when 54412976 is divided by 3180?
3176
Calculate the remainder when 53294 is divided by 255.
254
What is the remainder when 364905 is divided by 203?
114
What is the remainder when 887855297 is divided by 1450?
1447
What is the remainder when 104723009 is divided by 603?
602
Calculate the remainder when 1740906 is divided by 290127.
144
What is the remainder when 383928 is divided by 232?
200
Calculate the remainder when 88670489 is divided by 9320.
9
Calculate the remainder when 8059812 is divided by 35350.
12
What is the remainder when 15024 is divided by 1905?
1689
Calculate the remainder when 692193 is divided by 431.
7
What is the remainder when 38387722 is divided by 1655?
1652
What is the remainder when 950309 is divided by 158146?
1433
What is the remainder when 10523441 is divided by 84866?
57
Calculate the remainder when 4002534 is divided by 500315.
14
What is the remainder when 27216 is divided by 6717?
348
Calculate the remainder when 59225 is divided by 13827.
3917
What is the remainder when 299670 is divided by 26624?
6806
What is the remainder when 3562302 is divided by 12768?
30
Calculate the remainder when 32475 is divided by 952.
107
What is the remainder when 243119 is divided by 100?
19
What is the remainder when 1839682 is divided by 387?
271
Calculate the remainder when 79891522 is divided by 5509.
4
Calculate the remainder when 8068512 is divided by 105.
102
What is the remainder when 43539094 is divided by 67?
15
What is the remainder when 14772937 is divided by 162?
157
Calculate the remainder when 65374359 is divided by 214.
141
What is the remainder when 25026 is divided by 24972?
54
Calculate the remainder when 1973831 is divided by 49345.
31
Calculate the remainder when 35417 is divided by 5365.
3227
What is the remainder when 2293834 is divided by 7?
4
Calculate the remainder when 139025059 is divided by 184.
179
Calculate the remainder when 1364104 is divided by 22001.
42
What is the remainder when 4325038 is divided by 88266?
4
Calculate the remainder when 8533048 is divided by 489.
487
What is the remainder when 2048274 is divided by 47634?
12
Calculate the remainder when 17868146 is divided by 590.
586
What is the remainder when 9186507 is divided by 4047?
3864
Calculate the remainder when 30652977 is divided by 381.
3
What is the remainder when 434674 is divided by 7445?
2864
Calculate the remainder when 195790 is divided by 48944.
14
Calculate the remainder when 3377502 is divided by 222.
216
Calculate the remainder when 8983881 is divided by 187164.
9
Calculate the remainder when 826449 is divided by 254.
187
What is the remainder when 36930 is divided by 2313?
2235
Calculate the remainder when 708999 is divided by 236324.
27
Calculate the remainder when 226988 is divided by 906.
488
What is the remainder when 4382376 is divided by 4697?
75
What is the remainder when 73004917 is divided by 1998?
1993
Calculate the remainder when 29856114 is divided by 89658.
0
What is the remainder when 349782 is divided by 174542?
698
Calculate the remainder when 36632 is divided by 52.
24
Calculate the remainder when 888235 is divided by 1449.
1447
What is the remainder when 114808 is divided by 1573?
1552
Calculate the remainder when 29996 is divided by 9698.
902
What is the remainder when 2485217 is divided by 85670?
787
What is the remainder when 210042 is divided by 515?
437
What is the remainder when 94566 is divided by 7241?
433
Calculate the remainder when 701556 is divided by 70155.
6
What is the remainder when 1075772 is divided by 131?
0
What is the remainder when 356943 is divided by 1015?
678
What is the remainder when 3287195 is divided by 478?
467
Calculate the remainder when 3001620 is divided by 185.
180
What is the remainder when 88419 is divided by 323?
240
What is the remainder when 18287098 is divided by 6267?
6259
Calculate the remainder when 32071395 is divided by 48.
3
Calculate the remainder when 255211 is divided by 4998.
313
Calculate the remainder when 5991255 is divided by 39.
36
Calculate the remainder when 497754 is divided by 28.
26
Calculate the remainder when 3486711 is divided by 2